rt -1423 (base 7) to base 13.
-33a
174 (base 10) to base 13
105
Convert b1 (base 16) to base 7.
342
Convert -123 (base 5) to base 15.
-28
What is -1103 (base 10) in base 6?
-5035
What is 1212322 (base 4) in base 5?
202321
-402221 (base 6) to base 9
-47334
Convert -211 (base 7) to base 3.
-10221
Convert 814 (base 11) to base 7.
2603
84 (base 9) to base 15
51
What is -10 (base 8) in base 7?
-11
What is -3101221 (base 4) in base 7?
-54055
Convert -206 (base 16) to base 15.
-248
-42a7 (base 12) to base 4
-1302133
-485 (base 12) to base 3
-221002
-1b3 (base 15) to base 7
-1101
Convert -2400 (base 5) to base 8.
-536
-2001021 (base 3) to base 11
-1137
-235103 (base 6) to base 7
-113640
Convert 32130 (base 4) to base 11.
770
What is -2023 (base 6) in base 13?
-285
What is -10220021 (base 3) in base 4?
-230122
What is -60b2 (base 16) in base 13?
-b362
-9779 (base 12) to base 8
-40415
Convert -4a7 (base 11) to base 8.
-1131
Convert -2306 (base 12) to base 9.
-5306
Convert 1487 (base 11) to base 13.
b3c
What is -5122 (base 6) in base 9?
-1485
101012002 (base 3) to base 5
214202
-50206 (base 7) to base 9
-17544
What is -234411 (base 6) in base 16?
-4fe7
Convert -16042 (base 9) to base 6.
-122445
Convert 10110 (base 3) to base 13.
72
What is -43223 (base 8) in base 12?
-a557
What is -21211121 (base 3) in base 12?
-3381
Convert -1001012 (base 3) to base 16.
-2f9
-1da (base 15) to base 11
-361
6f3 (base 16) to base 3
2102220
What is -11303 (base 5) in base 3?
-1010200
What is -230242 (base 5) in base 4?
-2000011
11266 (base 8) to base 6
34102
What is -d6c (base 16) in base 6?
-23524
Convert -264a (base 12) to base 3.
-20000011
Convert 35d (base 16) to base 3.
1011220
What is 6a7 (base 13) in base 15?
51b
Convert -30576 (base 9) to base 8.
-47275
Convert 1111101101 (base 2) to base 11.
834
What is -55e (base 15) in base 3?
-1122222
What is 12101 (base 10) in base 9?
17535
What is 1088 (base 13) in base 12?
1405
-91 (base 12) to base 5
-414
Convert -30230 (base 7) to base 14.
-2950
What is -22ba2 (base 12) in base 15?
-dc3e
What is -61 (base 15) in base 16?
-5b
What is -3483 (base 10) in base 3?
-11210000
Convert -5125 (base 13) to base 5.
-324220
What is 2377 (base 14) in base 12?
36b1
Convert 2754 (base 15) to base 12.
4a44
What is 22212111 (base 3) in base 7?
24565
Convert -5451 (base 12) to base 11.
-6a74
-4c (base 16) to base 8
-114
What is 100201 (base 3) in base 7?
523
Convert -76d (base 14) to base 8.
-2675
-118c (base 13) to base 2
-100110110010
13283 (base 13) to base 16
8b0d
What is -1564 (base 12) in base 8?
-4734
2075 (base 9) to base 5
22101
1076 (base 11) to base 9
1841
Convert 734 (base 13) to base 3.
1200102
Convert 6363 (base 7) to base 11.
1766
Convert -66 (base 13) to base 14.
-60
Convert 3290 (base 10) to base 12.
1aa2
What is 21232 (base 4) in base 14?
326
224013 (base 5) to base 6
101024
-13780 (base 11) to base 4
-10301301
3221 (base 6) to base 5
10413
-345463 (base 7) to base 11
-42627
Convert -4dc1 (base 14) to base 6.
-143221
What is -56b (base 14) in base 12?
-757
Convert 1020010212 (base 3) to base 9.
36125
Convert 53602 (base 7) to base 11.
a019
Convert 112221 (base 3) to base 10.
403
What is 465 (base 10) in base 8?
721
Convert -1892 (base 10) to base 15.
-862
What is 73c (base 13) in base 2?
10011010010
1100101011001 (base 2) to base 3
22220100
What is -1121 (base 8) in base 10?
-593
What is 10100000001001 (base 2) in base 11?
7778
What is -323 (base 8) in base 2?
-11010011
-8664 (base 14) to base 15
-6d2b
-27ba (base 12) to base 4
-1013332
-584 (base 11) to base 13
-418
-42321 (base 5) to base 10
-2836
What is 3331 (base 5) in base 14?
254
14013 (base 11) to base 2
100111000001011
23074 (base 8) to base 6
113152
Convert -4d6 (base 16) to base 4.
-103112
Convert 1121 (base 7) to base 15.
1c2
Convert 11010101010 (base 2) to base 13.
a13
What is -462 (base 12) in base 3?
-220002
3533 (base 6) to base 9
1143
What is -12121021 (base 3) in base 7?
-14623
What is -3432 (base 5) in base 11?
-408
-1110100110111 (base 2) to base 7
-30543
What is 4032 (base 5) in base 14?
28d
354 (base 8) to base 14
12c
-152 (base 7) to base 13
-68
Convert -45144 (base 6) to base 14.
-2440
-473 (base 10) to base 5
-3343
Convert -3257 (base 8) to base 2.
-11010101111
Convert -60307 (base 8) to base 10.
-24775
15388 (base 9) to base 6
120425
What is 14de (base 15) in base 8?
10604
What is 20101303 (base 4) in base 16?
8473
1a6 (base 12) to base 7
534
-944 (base 13) to base 7
-4412
Convert -4424 (base 5) to base 9.
-752
-133232 (base 4) to base 15
-905
Convert -88 (base 12) to base 15.
-6e
What is 300113 (base 4) in base 5?
44340
1022222 (base 3) to base 11
803
212010 (base 3) to base 10
624
Convert 32a (base 14) to base 3.
212012
Convert -4543 (base 7) to base 11.
-1269
What is -61431 (base 7) in base 13?
-6a74
-67 (base 8) to base 2
-110111
What is 219c (base 14) in base 7?
22655
11313021 (base 4) to base 14
8a6d
1102 (base 9) to base 13
4a6
12815 (base 10) to base 4
3020033
-1967 (base 10) to base 13
-b84
-513 (base 10) to base 13
-306
What is -1033 (base 8) in base 11?
-450
What is -3213 (base 10) in base 6?
-22513
Convert 2817 (base 9) to base 15.
967
Convert -22221 (base 3) to base 13.
-157
What is -28515 (base 10) in base 5?
-1403030
-11001000011 (base 2) to base 8
-3103
5103 (base 6) to base 10
1119
What is 12011 (base 3) in base 10?
139
Convert -1101103 (base 4) to base 13.
-24a3
d77 (base 16) to base 11
2654
What is 10202 (base 3) in base 2?
1100101
Convert 1785 (base 9) to base 4.
111131
Convert -4b8 (base 16) to base 10.
-1208
9a1d (base 15) to base 12
16a91
Convert -154 (base 14) to base 16.
-10e
86a9 (base 11) to base 13
5301
Convert -15b (base 13) to base 11.
-203
235 (base 7) to base 9
147
Convert -5a1 (base 13) to base 2.
-1111010000
What is -1011012 (base 3) in base 6?
-3522
What is 5875 (base 13) in base 14?
4761
Convert -2c5 (base 14) to base 3.
-202221
What is -111011111 (base 2) in base 10?
-479
Convert -3822 (base 9) to base 10.
-2855
2932 (base 14) to base 15
2266
What is 53101 (base 6) in base 15?
21ca
-4e8 (base 16) to base 15
-58b
Convert 102210111 (base 3) to base 6.
103451
-6c98 (base 14) to base 8
-45006
What is -4515 (base 6) in base 2?
-10000011111
Convert 53575 (base 8) to base 4.
11131331
What is 443 (base 8) in base 14?
16b
What is 1860 (base 16) in base 13?
2ac0
-10557 (base 8) to base 15
-14c8
What is 199 (base 12) in base 14?
149
Convert -2875 (base 16) to base 11.
-7866
10101010111010 (base 2) to base 9
16003
Convert 4330 (base 6) to base 3.
1100200
What is 2262 (base 8) in base 2?
10010110010
939 (base 10) to base 16
3ab
44792 (base 10) to base 4
22323320
Convert 213221 (base 4) to base 11.
19a7
What is ba4 (base 16) in base 7?
11455
-15151 (base 7) to base 8
-10151
What is -111101001000000 (base 2) in base 15?
-9416
Convert 312 (base 8) to base 5.
1302
Convert 101 (base 9) to base 3.
10001
221152 (base 6) to base 15
56d8
What is 3072 (base 8) in base 13?
958
-24247 (base 8) to base 2
-10100010100111
Convert 546 (base 16) to base 3.
1212000
What is -1997 (base 12) in base 10?
-3139
What is 8111 (base 13) in base 16?
455f
Convert 1b8 (base 14) to base 9.
437
-2a9 (base 14) to base 16
-21d
Convert 40bf (base 16) to base 2.
100000010111111
-748 (base 10) to base 9
-1021
What is 2244 (base 9) in base 15?
75a
-8883 (base 10) to base 3
-110012000
Convert 13ab3 (base 12) to base 9.
41640
-2350 (base 9) to base 11
-1348
What is -28741 (base 11) in base 6?
-512554
Convert -31970 (base 10) to base 15.
-9715
What is -2041 (base 13) in base 16?
-115f
Convert -15147 (base 8) to base 5.
-204014
-1973 (base 10) to base 11
-1534
-82a7 (base 11) to base 16
-2aff
What is 10001111011 (base 2) in base 3?
1120111
What is 5317 (base 11) in base 2?
1101101111100
What is 21567 (base 11) in base 7?
160141
What is 21332 (base 5) in base 7?
4164
53 (base 10) to base 7
104
What is -1111100111 (base 2) in base 4?
-33213
36475 (base 8) to base 14
59db
Convert -d589 (base 14) to base 6.
-442125
-10000110000010 (base 2) to base 14
-31aa
20a8 (base 12) to base 10
3584
Convert 10314 (base 9) to base 6.
51321
-25331 (base 6) to base 2
-111011010111
Convert -112212 (base 3) to base 14.
-209
Convert e42 (base 16) to base 11.
2819
8511 (base 9) to bas